s + 2*s = 6. Suppose -7 = -4*u - r, -2*u - 2*r + h = 3*r. Calculate the remainder when u is divided by z.
0
Suppose 10*v - 11*v = -2*x + 100, 10 = 5*v. Calculate the remainder when x is divided by 44.
7
Suppose -239 = -4*u + 729. Let t = -169 + u. Suppose 4*r = -1 + t. Calculate the remainder when 70 is divided by r.
16
Calculate the remainder when 4 - (1 + -7)*11 is divided by 6.
4
Suppose -4*b + 60 = 4*x, 0 = 4*x - 3*b - 36 - 3. Let l = -9 + x. Suppose l*i = i + 60. Calculate the remainder when i is divided by 8.
6
Calculate the remainder when (93*7/63)/(3/27) is divided by 50.
43
Let y be (-3)/9 + 30/9. Suppose -5*v - y*v + 104 = 0. What is the remainder when 141 is divided by v?
11
Suppose 0 = -4*z - 4*l - 1 + 65, 2*l = -8. Suppose -20*m = -14*m - 18. Calculate the remainder when z is divided by m.
2
Suppose 257 + 163 = 35*c. What is the remainder when 755 is divided by c?
11
Calculate the remainder when ((-21)/(-9))/((-3)/(-99)) is divided by 21.
14
Let p(x) = -x**2 - 6*x - 6. Let a be p(-5). Let w(u) = 93*u**2 - u - 1. Let q be w(a). Suppose -5*k + q = -12. What is the remainder when 39 is divided by k?
18
Let y = 1126 + -795. Calculate the remainder when y is divided by 67.
63
Let n(p) = -p**2 - 14 - 19*p + 8*p + 2*p**2. What is the remainder when 47 is divided by n(13)?
11
Suppose 0 = -t + 2*z + 19, -t = -5*z - 0*z - 31. Calculate the remainder when 25 is divided by t.
3
Suppose -15*y + 54 = -126. What is the remainder when 861 is divided by y?
9
Let k = 2047 + -1999. Calculate the remainder when 284 is divided by k.
44
Let h be 521/8 + (-6)/48. Suppose b = -4*b + h. What is the remainder when (0 + 3 - 4)*-35 is divided by b?
9
Let k be -1 - (7 - 3) - -2. Let r = 1 - k. Calculate the remainder when r - (-3 + 4) - -26 is divided by 11.
7
Let j(o) = 37*o + 274. Calculate the remainder when 389 is divided by j(-7).
14
Suppose 4 + 17 = o - 2*c, 2*c = -8. Let d(t) = 122*t**2 + 24*t + 3. Calculate the remainder when d(-1) is divided by o.
10
Suppose 2*f = 5*w + 11, 6*f - 44 = 3*f + 2*w. Let s = 3169 + -3165. Calculate the remainder when f is divided by s.
2
Let h(s) = s**3 + 8*s**2 + 9*s - 3. Suppose 14*n = 13*n - 5. Calculate the remainder when h(n) is divided by 10.
7
Calculate the remainder when ((-1127)/(-21) + 5)*3 is divided by 30.
26
Let i(y) = -4*y + 5. Let r be i(0). Suppose -4*m + 2*j - r + 243 = 0, 2*m - 121 = 3*j. What is the remainder when m is divided by 15?
14
Let y = -1 + 3. Suppose 5*c - 41 = f, 23 = 3*c + 3*f - y*f. What is the remainder when 30 is divided by c?
6
Let j be (48/(-10))/(2/(-5)). Suppose -2*u - u = j. Calculate the remainder when 1045/76 - 1/u is divided by 4.
2
What is the remainder when 32 is divided by 3/((-6)/8)*(-180)/72?
2
Let r = 706 + -689. Calculate the remainder when 84 is divided by r.
16
Let r = 369 - 328. Calculate the remainder when r is divided by 20.
1
Calculate the remainder when (81/(-108))/(6/(-520)) is divided by 23.
19
Suppose w - s - 19 = 0, 15*w = 12*w - 3*s + 63. Calculate the remainder when 238 is divided by w.
18
Suppose 0 = 2*j + 2*j + 2*c - 2, 4*j - 32 = 4*c. Suppose -2*b = -j*f + f + 6, -f = 4*b - 13. Calculate the remainder when 9 is divided by f.
4
Let m(c) = 23*c + 1. Let z be (-5 + 4)*(0 + -3). Let h be m(z). Suppose -2*w + 2*g = -36, -2*g = 3*w + 3*g - h. What is the remainder when 39 is divided by w?
19
Let j = 17 - 13. Suppose 44 = j*h - 144. What is the remainder when h is divided by 22/(-77) + 170/7?
23
Suppose 9*c = 14*c - 240. What is the remainder when 113 is divided by c?
17
Suppose -86 = -2*u + 2. Suppose j + q - 20 = -0*j, 0 = -2*j - 4*q + u. What is the remainder when 52 is divided by j?
16
Let o(h) = -4 - 10*h**2 - 2*h**2 - h + 5*h + 17*h**2. Let r(m) = 3*m**2 - 1. Let d be r(-1). What is the remainder when o(d) is divided by 13?
11
Suppose 24 = 3*d + 30. Let m(s) = 4*s**2 - 3*s + 1. Suppose -4*p + p = -36. Calculate the remainder when m(d) is divided by p.
11
Suppose o = -z + 43, 2*o - z - 162 = -2*o. What is the remainder when o is divided by 23?
18
What is the remainder when (-3 + -1)/(4/(-14)) is divided by ((-40)/(-30))/(16/60)?
4
Let p(k) = -k**3 - 11*k**2 + 17*k + 11. What is the remainder when p(-13) is divided by 15?
8
Let k be 21/3 + -4 + 135. Suppose -4*z - k = -6*z. Calculate the remainder when z is divided by 14.
13
Let q = 2994 - 2987. Let i(x) = 19*x**2. What is the remainder when i(-1) is divided by q?
5
Let z = -7 - -1. Let h(n) = -7*n - 7. What is the remainder when (39 - 39) + (-1 + -102)*-1 is divided by h(z)?
33
Suppose -14*m - 93 + 835 = 0. Calculate the remainder when 421 is divided by m.
50
Let o(h) = -6*h - 30. Let q = -14 - -26. Calculate the remainder when o(-10) is divided by q.
6
Suppose 0 = -3*i + 2*a - 204, -2*a - 192 = -0*i + 3*i. Calculate the remainder when (-32)/48*(i - 0) is divided by 14/2 - (5 + -7).
8
Suppose 201 = -4*a - 127. Let z = -39 - a. What is the remainder when 40 is divided by 4/8*(z + -1)?
19
Suppose 0 = 11*b - 8*b - 456. Let m = b - 50. Calculate the remainder when m is divided by 21.
18
Let d = -731 + 785. What is the remainder when 236 is divided by d?
20
Suppose -36*j + 298 = -98. Calculate the remainder when j is divided by 7.
4
Suppose 570 + 10 = 10*w. Suppose -35 = -4*b - 2*c + 79, 2*b = -2*c + w. What is the remainder when 55 is divided by b?
27
Let b(x) = 2*x + 45. Calculate the remainder when 61 is divided by b(-2).
20
Let p(t) = -t**3 + 6*t**2 - 5*t + 4. Let s be p(4). Suppose 15*y - s*y = -16. What is the remainder when 30 is divided by y?
14
Suppose -6*d + 4*d + 4*i = -12, 0 = d + 3*i - 21. Let m(u) = 0*u - 14 + u**3 - 27*u**2 + 10*u**2 + 19*u. What is the remainder when m(16) is divided by d?
10
Suppose -5*x - 3*g + 66 = 0, 2*g + 108 = x + 100. Let d(i) = -25*i - 6. What is the remainder when d(-4) is divided by x?
10
Suppose 7 = 2*x + 3. Suppose 0 = 10*y - x*y - 136. Suppose -2*m - 28 = -4*u, -2 = m + 2. Calculate the remainder when y is divided by u.
2
Calculate the remainder when (-3)/(-3)*(87 + 26) is divided by 22.
3
Let s = -185 - -201. Suppose -2*k + 3*k - 9 = 0. What is the remainder when s is divided by k?
7
Let t = 1000 + -995. Let n(s) = s**3 + 3*s**2 + s. Let j be n(-2). Calculate the remainder when 0 + 0 + j + 7 is divided by t.
4
Let g(s) = 13*s**3 + s**2 - 2*s + 1. Let a(m) = m + 3. Let v be a(-2). What is the remainder when 50 is divided by g(v)?
11
Calculate the remainder when (-16 - (-637)/39)/((-2)/(-1368)) is divided by 46.
44
Let g = 1020 - 1006. What is the remainder when 319 is divided by g?
11
Suppose -3*k = -5*a + 276, -5*k - 150 = -5*a + 130. What is the remainder when 73 is divided by a?
19
Let o = -1003 + 1049. Calculate the remainder when o is divided by 4.
2
Let w be (-4)/(-7) - 135/(-21). Suppose -w = -2*y + 3. Suppose 0 = -p - y*t + 43, p = 5*p + t - 134. What is the remainder when p is divided by 6?
3
Let a(k) = 6*k**3 + k**2 - 4*k + 5. Calculate the remainder when a(3) is divided by 33.
32
Suppose -4*b = -5*d - 104, b + 4*d + 37 = 2*b. Suppose 0 = 4*w - 26 - 22. Calculate the remainder when b is divided by w.
9
Suppose v = 2*v - 4, 4*w + 28 = -v. Let g be 2*((-84)/w - 0). Calculate the remainder when (-14)/g*(-69)/2 is divided by 13.
10
Suppose 28*u = 33*u - 15. What is the remainder when (14/21)/(u/162) is divided by 13?
10
Let i(d) = -2*d**2 - 4 + 3*d**2 - 9*d + 0*d. Let b be i(10). Calculate the remainder when 7 + -4 + b/2 is divided by 2.
0
Let l(b) be the third derivative of -b**6/6 - b**5/20 + b**4/8 + 5*b**3/6 - 19*b**2. Calculate the remainder when 91 is divided by l(-1).
15
Suppose 0 = -3*x + 3*r + 18, -2*x + 26 = -0*r + 5*r. Calculate the remainder when 10 is divided by x.
2
Let y = 44 + -44. Let r(b) = -b**3 - 2*b**2 - b + 8. What is the remainder when 38 is divided by r(y)?
6
Let a = 1595 + 834. Calculate the remainder when a is divided by 45.
44
Suppose 0 = f - 2*f + 48. Let r(j) = 12*j + 4. Let p be r(4). Suppose -p - 16 = -4*n. What is the remainder when f is divided by n?
14
Suppose 0 = -4*l - 16, 3*v - 70 = -9*l + 13*l. What is the remainder when 50 is divided by v?
14
Suppose -4*v + 2 = 34. Let g = -3 - v. Calculate the remainder when 28 is divided by g.
3
Suppose 552 = -16*f + 40*f. What is the remainder when 62 is divided by f?
16
Suppose -21 =